{"id":10,"date":"2018-11-16T21:44:01","date_gmt":"2018-11-16T21:44:01","guid":{"rendered":"http:\/\/sanitaer-heizung-schmidt.de\/?page_id=10"},"modified":"2018-11-16T22:41:18","modified_gmt":"2018-11-16T22:41:18","slug":"solaranlagen","status":"publish","type":"page","link":"https:\/\/sanitaer-heizung-schmidt.de\/?page_id=10","title":{"rendered":"Solaranlagen"},"content":{"rendered":"<p class=\"stil3\">Holen Sie sich die W\u00e4rme der Sonne ins Haus!<\/p>\n<p class=\"stil2\">Eine <span class=\"stil31\">Solaranlage<\/span> absorbiert die W\u00e4rme der Sonne auch in \u00dcbergangszeiten sowie im Winter und bringt W\u00e4rme in Ihren Warmwasserspeicher. Eine genaue Angabe der Energieversorgung im Raum M\u00f6nchengladbach ist schwer zu ermitteln, eine Reduzierung der Brennstoffkosten f\u00fcr Warmwasser um 1\/3 bis 1\/2 ist jedoch realistisch, wohlbemerkt ist eine Solaranlage <span class=\"stil31\">nicht wartungsfrei<\/span>!<\/p>\n<p class=\"stil2\">Grunds\u00e4tzlich l\u00e4sst sich eine Solaranlage nicht einfach auf Kosten \/ Ertrag ausrechnen. Eine Bef\u00fcrwortung der Technik sowie der Wille den CO2 Austo\u00df zu verringern ist hier vorauszusetzen.<\/p>\n<p class=\"stil2\">Solaranlagen zur Warmwassergewinnung gibt es als Flachkollektoren und Vakuumkollektoren, wobei die teureren Vakuumkollektoren eine gr\u00f6\u00dfere W\u00e4rmeausbeute haben. Dies macht sich besonders in Fr\u00fchlings- Herbst- und Winterzeiten bemerkbar.<\/p>\n","protected":false},"excerpt":{"rendered":"<p>Holen Sie sich die W\u00e4rme der Sonne ins Haus! Eine Solaranlage absorbiert die W\u00e4rme der Sonne auch in \u00dcbergangszeiten sowie im Winter und bringt W\u00e4rme in Ihren Warmwasserspeicher. Eine genaue Angabe der Energieversorgung im Raum M\u00f6nchengladbach ist schwer zu ermitteln, eine Reduzierung der Brennstoffkosten f\u00fcr Warmwasser um 1\/3 bis 1\/2 ist jedoch realistisch, wohlbemerkt ist [&hellip;]<\/p>\n","protected":false},"author":1,"featured_media":0,"parent":0,"menu_order":0,"comment_status":"closed","ping_status":"closed","template":"","meta":{"footnotes":""},"class_list":["post-10","page","type-page","status-publish","hentry"],"_links":{"self":[{"href":"https:\/\/sanitaer-heizung-schmidt.de\/index.php?rest_route=\/wp\/v2\/pages\/10","targetHints":{"allow":["GET"]}}],"collection":[{"href":"https:\/\/sanitaer-heizung-schmidt.de\/index.php?rest_route=\/wp\/v2\/pages"}],"about":[{"href":"https:\/\/sanitaer-heizung-schmidt.de\/index.php?rest_route=\/wp\/v2\/types\/page"}],"author":[{"embeddable":true,"href":"https:\/\/sanitaer-heizung-schmidt.de\/index.php?rest_route=\/wp\/v2\/users\/1"}],"replies":[{"embeddable":true,"href":"https:\/\/sanitaer-heizung-schmidt.de\/index.php?rest_route=%2Fwp%2Fv2%2Fcomments&post=10"}],"version-history":[{"count":2,"href":"https:\/\/sanitaer-heizung-schmidt.de\/index.php?rest_route=\/wp\/v2\/pages\/10\/revisions"}],"predecessor-version":[{"id":41,"href":"https:\/\/sanitaer-heizung-schmidt.de\/index.php?rest_route=\/wp\/v2\/pages\/10\/revisions\/41"}],"wp:attachment":[{"href":"https:\/\/sanitaer-heizung-schmidt.de\/index.php?rest_route=%2Fwp%2Fv2%2Fmedia&parent=10"}],"curies":[{"name":"wp","href":"https:\/\/api.w.org\/{rel}","templated":true}]}}